 44*i**3 + 15 - 26*i**3. Is j(-6) composite?
True
Let p(n) = -n**3 + 11*n**2 - 21*n + 29. Let x be p(9). Suppose -3*g - 5*v + 548 = 0, 0 = 3*g + v + x*v - 558. Is g a composite number?
False
Is 1942462/3 + (-1495)/(-897) prime?
True
Suppose -30*s - 194753 = -918813 - 627800. Is s a prime number?
False
Is -2 + 941852/3 - (-448)/1344 a prime number?
True
Suppose 0 = -224*p + 233*p - 52362. Let x = p + -1259. Is x composite?
True
Let d be 1 + 3 + 1 + -4 + -23. Let u(t) = 2*t**2 - 32*t + 21. Is u(d) a composite number?
False
Suppose 3 - 15 = -4*m. Suppose -2*u = 3*b + 20, -5*b + 2*b - 16 = u. Is b + 1 + 197 - m composite?
False
Is ((-3613185)/(-135))/(2/6) a composite number?
True
Suppose 1 = -2*x + 13. Let p be ((-3)/x)/((-5)/((-22350)/5)). Is p*((-6)/2)/3 composite?
True
Suppose -35 = -3*r - 2*r. Let o(b) = 3 + 4*b + 68*b + 61*b + 40*b - 43*b. Is o(r) prime?
False
Suppose -44*q + 48*q + 24 = 0, 2*b = 5*q + 216976. Is b composite?
True
Let y = 608 - 600. Is (58732/(-8))/((28/y)/(-7)) composite?
False
Let k(g) = -1670*g + 1767. Is k(-34) a prime number?
False
Suppose -p + 10 = 2*j + 2*p, 2*j - 4*p - 10 = 0. Suppose 0 = l - j*v - 2126, 5*v + 2857 = -3*l + 9175. Is l a prime number?
True
Let s be (1*-3)/((-30)/140). Suppose l - s = 4*a, -5*l = -3*l + 4*a - 4. Suppose -7611 = -l*i - 2397. Is i composite?
True
Suppose n = -29*n - 56490. Let z = n - -4324. Is z prime?
True
Let b(s) = 17*s**3 - 10*s**2 + 18*s - 24. Let w be b(6). Suppose -2*z + w = 5*d, 4*z + 4*d - 3158 = 3622. Is z composite?
False
Let y be (-2529)/(-39) - 2/(-13). Let t be 3 + (12/(-10) + 2)*y. Let z = t - -30. Is z a prime number?
False
Let l = -104964 + 185605. Is l composite?
True
Suppose 2*v + 2529 = 945. Let a = v - 17. Let g = -520 - a. Is g composite?
True
Let j = -27 - -5. Let o be 13884/132 - (-4)/(-22). Let q = o + j. Is q composite?
False
Suppose -156*x + 2489992 + 11247611 = -5397825. Is x a prime number?
True
Let d(b) = -671*b + 2577. Is d(-34) a prime number?
True
Let n be (-4)/(-18) - 306/(-81). Suppose -n*u = 2*l + 3*l + 105, -165 = 5*u - 5*l. Is -3*1*2*895/u a prime number?
True
Let i = 112 + -50. Let m = 321 + i. Suppose -w - 2*x - m = -1744, 0 = 5*w + 3*x - 6805. Is w composite?
False
Suppose 5*t + 0*t = 6465. Suppose -2*i + t = 2*c - 7*c, 0 = 5*i - c - 3290. Is i a composite number?
False
Suppose 27*i - 2*f + 12083 = 28*i, -5*f = 2*i - 24162. Is i a composite number?
True
Let i be (-14)/(-4)*(-4)/(-7) + 3077. Suppose -12676 = -5*d - 2*s, i = 2*d + 3*s - 1998. Suppose -4*o = -158 - d. Is o a composite number?
False
Let h(x) = 267*x + 48. Let l(m) = 802*m + 147. Let n(w) = 11*h(w) - 4*l(w). Is n(-23) a prime number?
True
Let y = 567 + -568. Is (y/2)/((-70)/643300) a prime number?
False
Suppose -5*m + 2 = -28. Let o be (m - 10)*6021/(-4). Let g = o + -3568. Is g composite?
True
Let p(d) = d**3 - 8*d**2 + 36*d + 2. Let n be p(8). Suppose 0 = -g - 4*g + n. Is g a prime number?
False
Suppose 3*f - 3*m = 4*f - 85294, -2*f + 2*m = -170596. Is f prime?
True
Let f = -79 + 151. Let m = 120 - f. Is ((-12)/m)/(2/(-4904)) a composite number?
False
Let y(w) = w**2 - 8*w + 4. Let q be 16/((-6)/(-15)*5). Let k be y(q). Is 14/(-28) + 1158/k prime?
False
Let u(b) = -b**3 + 11*b**2 - 23*b + 3. Suppose x = 2*k - 20, -36*x + k - 34 = -34*x. Is u(x) a prime number?
True
Let b = -16 - -20. Suppose -b*a = 4*c - 26676, -a = 2*c - 8278 - 5064. Is c a composite number?
False
Let u be (-2)/4*(1823 - (2 - 1)). Let f = u - -1658. Let h = -424 + f. Is h a composite number?
True
Let z = 58840 + 42711. Is z a composite number?
True
Is (-42)/(-140) - (-41820105)/150 prime?
True
Let a = 259608 + -138231. Is a composite?
True
Let w = 37291 - -6598. Is w a composite number?
False
Suppose 2*w + a - 25117 = 0, -3*w - 4*a + 2*a + 37678 = 0. Suppose -15*t = -3089 - w. Is t composite?
True
Is (-15)/(-60)*(821471 + (-40)/(-8)) a composite number?
True
Let i = -303 + 285. Is 1/(-3)*-949 + (-12)/i a composite number?
False
Let a = -96 + 101. Suppose 0 = -n - a*n + 1266. Let u = n - -555. Is u a prime number?
False
Suppose h + 4 = 0, 3*h = 3*s + 99827 - 352256. Is s prime?
False
Suppose -4*y - 2*y + 126 = 0. Suppose 3*a + y = 4*c, 4*c + 3*a + 3 = -2*a. Suppose -2287 = -c*l - 940. Is l prime?
True
Let m(a) = a**2 - 7*a - 108. Let f be m(46). Let o = f - 889. Is o prime?
True
Let j(g) = 32*g + 65. Let t(o) = 4*o - 2. Let c(w) = -j(w) - 2*t(w). Is c(-20) prime?
True
Let h(b) = -4*b**2 - 3*b - 8. Let x(w) = w**2 + w + 1. Let d(l) = h(l) + 6*x(l). Let q be d(10). Is ((-3)/(18/(-15)))/(6/q) a composite number?
True
Let i be (-4)/18 - (-11 + 40838/(-63)). Is i/(4/1 - (-108)/(-28)) prime?
False
Let r(m) = -913*m - 3131. Is r(-148) a composite number?
True
Suppose -4*i - j = -62, -5*j = -4*j - 2. Let d be (-39)/(-15) - i/25 - -3. Suppose -4*u + 3125 + 3101 = -5*l, 5*u - 7805 = -d*l. Is u prime?
True
Suppose -4*f = -27*f + 92. Is (-10014)/f*(-24)/36 composite?
False
Let w = 28 - 21. Let h(f) = -16*f + 35*f + 95*f - w. Is h(5) a prime number?
True
Let r(d) be the first derivative of 8 + 2/3*d**3 + d - 159/2*d**4 + d**2. Is r(-1) a composite number?
True
Let k(u) = 2*u + 6875. Let p be k(0). Suppose 17*h - 53812 + p = 0. Suppose -5*a + h + 394 = 0. Is a prime?
True
Suppose 2*f + 0*f + 4*y + 2774 = 0, 4*f + 5548 = y. Let t = 2784 + f. Is t composite?
True
Suppose 0 = -y - 4*y - c + 222, y - 50 = -3*c. Suppose 4*w - y = 5344. Is w a composite number?
True
Let m(a) = -278045*a + 804. Is m(-7) prime?
True
Let j(l) = -8*l - l + 10*l - l**2 - 1639*l**3. Is j(-1) a composite number?
False
Suppose -4*a + 39011 = -3*l, 2*a - 2*l - 3*l - 19495 = 0. Let v = a - -884. Is v a prime number?
True
Let w = 9 - 9. Suppose w = 6*c - 13*c + 20041. Is c a prime number?
False
Let d = -43 + 60. Suppose -8466 = -d*u + 2261. Is u a prime number?
True
Let w(v) = -3*v - 9. Let c be w(-5). Suppose 3*j + 171 = -c*j. Let s(q) = -43*q - 8. Is s(j) prime?
True
Let n(f) = 42*f**2 - 3*f + 8. Let i be n(-6). Let u(r) = -304*r**3 - 3*r**2 + r. Let h be u(-1). Let m = h + i. Is m a prime number?
False
Let m(g) = -53 - 186*g - 159*g + 47*g - 23*g + 20*g. Is m(-4) prime?
True
Let u(j) = 2*j**3 - j**2 + 3*j - 2. Let w be u(2). Let m be (-24)/w*4/(-2). Suppose -10 = -q + m*q, -2*p = -q - 223. Is p prime?
True
Let c = -1259 - -2067. Suppose 4*d = 4*y + 14640, c = -2*d + 5*y + 8113. Is d a composite number?
True
Let c = 36 + -1. Suppose 2*d + 3*d + 5*p - c = 0, 3*d = 4*p + 42. Suppose -d*s - 561 = -13*s. Is s a composite number?
True
Suppose -12*m + 18*m - 12 = 0. Suppose 2*i = -3*k - m, 2*i - 2 = -0*i - 2*k. Suppose x - 2*p - 97 = 528, -i*p - 3140 = -5*x. Is x composite?
False
Suppose 0 = 10*c + 43*c + 1378. Suppose -5*k = o - 14, 0 = -3*o - 5*k - 3 - 5. Let q = o - c. Is q composite?
True
Let j = -29 - -39. Let y(a) = 3*a**3 + 2 - 6*a - 3 - 5*a**3 + 2*a**2 - j. Is y(-7) a composite number?
True
Let l = -18 + 40. Let x = 5 + l. Let a = 334 - x. Is a a composite number?
False
Is (-1 + 10 - (7 - 5)) + 145126 prime?
True
Let k be (-6 + 1)/(-1)*31/31. Suppose 4225 = 3*x + 3*l + 967, 0 = 4*x - k*l - 4335. Suppose 6*n = m + n - 1101, -n - x = -m. Is m a prime number?
False
Let v = 109461 - 58623. Suppose -5*f + 37402 = -a - v, 5*f - 88230 = -a. Is f prime?
False
Is 47927/(4 - (-45)/(-15)) prime?
False
Let n = -251596 - -767977. Is n a prime number?
False
Let f(z) = -11635*z + 283. Is f(-6) prime?
False
Let a(c) = 10*c**2 - 10*c - 20. Let m be a(-3). Suppose m*f - 104*f + 4964 = 0. Is f a prime number?
False
Let l be (-4)/(-10)*681520/16. Suppose 3410 = i + k, 5*i - 2*k - l = -3*k. Suppose 0 = 6*o - 2647 - i. Is o a prime number?
True
Let a(b) = -9*b + 11. Let h be a(2). Let d(f) = -f**3 - f**2 + 6*f + 14. Let u be d(h). Let x = -81 + u. Is x prime?
False
Suppose 11*o - 7191 = 12*o. Let x = -4225 - o. Is x prime?
False
Is (19/(-9) - 4/(-2)) + (-181267872)/(-216) a prime number?
True
Suppose 4*a - 91991 = -3*c, -c = -2*a - 0*a - 30667. Is c composite?
True
Suppose 6*g - 8*g + 8 = 0, 2*x - 5*g = 18602. Is x a prime number?
True
Let m = 245396 - 113500. Suppose -873 = -13*t + m. Is t prime?
False
Suppose 150 = 14*j - 130. Suppose -22*x + 382 = -j*x. Is x a composite number?
False
Let u be ((-1)/(-2))/((-42)/252). Is (u/15)/(-1*(-6)/(-40830)) composite?
False
Let f(r) =